 11 + -8.
1
Evaluate -5 + 5 - (4 - 5) - 10.
-9
What is the value of -7 + 2 + (-8 + -6 - -25)?
6
5 + (3 + -7 + 0 - 0)
1
(-3 - -4) + (6 - 6 - -6)
7
-7 + (-2 - -8) + 8
7
Evaluate (3 - 3) + -1 - -5.
4
(2 - (-3 - -4)) + 4
5
What is the value of 30 - 36 - (1 - 1 - 2)?
-4
0 - (3 + -5 - -3)
-1
Evaluate (1 - ((1 - 1) + -5)) + -3.
3
Calculate 5 - (9 + 7 - 8).
-3
What is 5 + 4 + -11 - 2 - -2?
-2
-1 + -6 + 1 + 5 + 5
4
Evaluate -2 - (5 + (-14 - -5) + 5).
-3
What is the value of 0 + -8 + 4 - -1 - -3?
0
What is (9 + (1 - 1) - 2) + -3?
4
Evaluate -6 + 4 + -2 - (2 - 2).
-4
Calculate 0 + 2 - (3 + (-5 - -5)).
-1
29 + (-15 - 9) + 3 + -1
7
What is the value of (5 - (-11 - -14)) + (-1 - 2)?
-1
4 - (25 - (19 - 9))
-11
What is 5 - (5 + 5) - -4?
-1
Calculate 15 + -32 + 16 - (2 + -3).
0
What is the value of -2 - -5 - (0 + 2)?
1
-9 - -18 - 3 - 9
-3
What is -53 + 59 + -6 + 0?
0
Calculate 1 + 9 + 3 + -8.
5
-6 - (4 + 2 + -11)
-1
Evaluate -1 + -7 + 107 + -98.
1
Calculate 1 + 2 + 1 + (1 - 3).
2
Evaluate 0 - (-4 + (-1 - (1 + -2))).
4
What is the value of -2 + (-16 - -5) + 5?
-8
What is the value of 14 + -6 + 1 + -5?
4
Evaluate 7 + -6 + (1 - 2).
0
0 - -3 - (-14 + (11 - -6))
0
Evaluate 6 - (-4 + (12 - 5)).
3
Calculate -3 + 2 - -11 - 17.
-7
Evaluate 11 - (-2 - (-7 - 2)).
4
What is (-22 - -8 - -14) + (-1 - -1)?
0
Evaluate -2 + -1 + (8 - 3 - 2).
0
What is the value of (-2 - -3 - 1) + (-4 - -4)?
0
Evaluate -8 - (5 + (-9 - -2)).
-6
2 - (0 - (-2 + 2 + 2))
4
Evaluate -9 - ((3 - 1) + -9).
-2
Evaluate 0 + -5 + 1 + -2 + 4.
-2
0 - (3 + -3 + 3 + -4)
1
What is the value of -6 - (3 - (-5 + 8))?
-6
Calculate 8 + -1 - (67 - 59).
-1
(-7 - -18) + -5 - 7
-1
What is the value of 3 + (5 - (-5 + 6 + -4))?
11
What is -5 - 0 - (-17 - (12 + -34))?
-10
-1 + (-5 - -2) + 7
3
Calculate (2 - 1) + -15 + 24 + -12.
-2
What is the value of -3 + (-6 + 4 + 0 - -4)?
-1
What is (-1 - -1 - -7) + -6?
1
What is the value of (-5 - -11) + (12 - 6) + -6?
6
-2 + 2 - (-13 - -10)
3
2 + -6 + (1 - (1 - -5))
-9
Evaluate 0 - -1 - (-6 + (-14 - -21)).
0
What is 29 + -37 + (1 - -1)?
-6
Evaluate 0 + 0 - (-8 + 5 + 1).
2
Calculate -2 + (-3 - ((3 - 8) + 7)).
-7
What is -9 + -14 + 11 + 6?
-6
Evaluate 1 - -3 - ((3 - 4) + -6).
11
What is (-4 - 0) + (-4 - -6)?
-2
Evaluate (-6 - -4) + 2 + 1 + -3.
-2
What is the value of 1 + -3 + (2 - 2)?
-2
-9 - (7 + -10 - (3 - 1))
-4
Evaluate (1 - 7) + 2 - (0 - 0).
-4
-7 + (8 + 2 - -1)
4
0 + (-1 - 3 - -1) + 7
4
Calculate (-4 - (0 - 7)) + -8.
-5
18 - (-12 + 20) - 11
-1
Evaluate 9 + (-8 - (10 + -6 - 7)).
4
Calculate (1 - 1) + (-5 - -6).
1
What is the value of -6 + (2 - -2) - (-1 - 1)?
0
Evaluate (7 - 10) + (0 - -3) - 5.
-5
What is the value of 1 + 4 + -2 + 2?
5
Evaluate 8 + -1 + 4 + -9.
2
Calculate 16 + 3 + (12 - 25).
6
Calculate 2 - 3 - (2 - -2).
-5
What is -10 + ((-6 - -9) + -1 - -1)?
-7
Evaluate 13 + -13 + 5 - 6.
-1
(-139 - -144) + (2 - 10)
-3
What is -1 + -3 - -3 - 3?
-4
Calculate 6 + (-6 + -4 - (0 + -5)).
1
What is -13 + 19 - (7 - 0)?
-1
Calculate 0 + (-3 - -5) + 2.
4
3 + -6 + 8 + -2
3
Evaluate 1 + (6 - ((-4 - -4) + -1)).
8
Calculate 15 + -3 - (16 - -3).
-7
0 - 5 - (-5 + 3)
-3
(1 - 1 - 4) + 6
2
What is 1 + 2 + -1 + (-63 - -60)?
-1
Calculate -20 - 0 - (-32 + 24) - -6.
-6
Evaluate -6 - (-3 + 9 + (8 - 13)).
-7
Evaluate -5 + -2 + -5 + 3 + 4.
-5
What is 3 + 5 + -2 - (2 - -1)?
3
Evaluate -2 + 0 - 2 - -1 - 1.
-4
Evaluate 4 + -3 + (0 - (-14 + 8)).
7
What is -92 + 92 + 0 + 6?
6
Evaluate 3 + -3 + -5 + 3 + 3.
1
Calculate -6 + -4 + 2 - -4.
-4
Calculate 7 + -12 + 5 + 5.
5
2 - (0 - (7 + -4)) - 8
-3
What is 0 - ((0 - -1) + 3 + -7)?
3
What is -6 + (1 - 1) - -15 - 6?
3
-3 + 2 + 2 + 4
5
3 - (1 + (2 - 3))
3
What is 3 - (6 + -5 + 6)?
-4
Calculate 3 - (11 + -13) - (1 - 3).
7
-5 + -2 + 2 + 1
-4
Calculate 1 + 3 + -1 + (-1 - -2).
4
Evaluate 7 + 9 + -1 + -16.
-1
4 - ((-5 - -2) + 2 - -2)
3
Calculate -2 + (-4 - (-7 - -3)).
-2
What is the value of 2 - -1 - (16 + -18)?
5
Evaluate 9 - 1 - (-1 + 8).
1
5 - 6 - (0 + (-5 - -4))
0
What is (-17 - -8) + (-1 - (2 + -5))?
-7
3 + (18 + -12 - 8)
1
What is 3 + -6 + (0 - -7)?
4
Calculate 0 + -2 + (5 - -1).
4
-2 - (7 + -2) - -2
-5
Calculate -3 - 0 - 0 - -6.
3
What is the value of 2 + 0 - (-2 + 6)?
-2
(7 - 6 - -3) + -3 - -4
5
Calculate -5 - (-4 + 11 + -13).
1
Evaluate (4 - (-1 + -4 + 1)) + -11.
-3
Evaluate (-3 - (-1 - 0)) + (-3 - -4).
-1
What is the value of 7 + (-12 - (-8 + 3)) + 0?
0
Evaluate (-3 - 3) + (3 - -1).
-2
What is the value of -4 - -2 - (-5 + 0)?
3
Evaluate 185 + -180 + -6 + 1 + -1.
-1
6 + (3 - 7) + -1
1
What is the value of -3 - ((6 - (0 + 4)) + -4)?
-1
3 - (-2 - -1 - -1) - -2
5
What is -35 + 36 - (-1 + 1)?
1
2 - ((3 - -4) + -3)
-2
Calculate 2 + (-9 - -5) + -3.
-5
What is the value of -3 - -7 - (-4 + 2 + 2)?
4
9 - (-1 + 7 + -12 - -4)
11
Evaluate 3 - (0 + (7 - 3)).
-1
-3 + 1 - 1 - (-3 - -2)
-2
Calculate -4 - ((-6 - -3) + -3).
2
What is the value of -2 - -3 - (-4 + 4 + -2)?
3
What is the value of 2 + 0 + (3 - 7)?
-2
25 - 28 - (0 + -1) - -5
3
Calculate -4 - 2 - (0 + 0 - 3).
-3
What is the value of 1 - 2 - (-1 - -5)?
-5
Evaluate (-16 - -2) + 6 + 1.
-7
Calculate -1 - -4 - (-7 + 6) - 5.
-1
Evaluate (-13 - 0) + (-6 - -3) + 8.
-8
What is the value of 0 - 6 - (101 + -101)?
-6
What is -5 + -1 + (-26 - -33)?
1
Evaluate (-11 + -5 - -6) + 1 + 4.
-5
(18 - -1) + -29 - (1 - 8)
-3
Evaluate (-5 - -1) + 1 - 2.
-5
Calculate (-9 + 16 - 17) + (-2 - -9).
-3
What is (1 - 2) + (-3 - -2) - 0?
-2
0 - (-1 - (0 - (3 - 8)))
6
What is the value of -2 + 9 - (3 - (-5 + 5))?
4
What is the value of (-4 + 9 - -2) + -2?
5
Calculate 2 - (14 - 20 - (-3 - -2)).
7
What is (2 - 2) + 5 + -2 + 2?
5
What is 1 + (-4 - (0 + 0)) - -3?
0
What is -5 - (-11 - -5) - (1 - -5)?
-5
Evaluate 9 + (1 - (14 - -2)).
-6
Calculate -8 + 8 + 5 + -10.
-5
Evaluate 5 - 12 - -7 - 2.
-2
2 - (-9 + 12) - -6
5
What is 2 + (-1 - 1 - 0 - 0)?
0
What is -1 - ((-2 + -1 - 2) + 3)?
1
Calculate 6 + -13 + -1 + 5.
-3
Evaluate -2 + (-2 - -7) - 1.
2
Calculate -14 + 14 + -15 - -7.
-8
Evaluate 5 - 7 - -6 - 6.
-2
Evaluate -1 - (-7 - (-14 + 3)).
-5
What is -4 - (6 - (9 + -1))?
-2
What is the value of -1 + -3 + 40 + -28 + 0?
8
Evaluate (-2 - -2 - -1) + (5 - 4).
2
2 - 2 - (-2 + 3 + 0)
-1
0 + -9 - (-12 - (3 + -10))
-4
What is the value of (-1 + 5 - 12) + 6 + -6?
-8
Calculate 13 + -3 - (78 - 70).
2
Evaluate (-8 - 0) + (-10 - (12 + -23)).
-7
Calculate -4 + 3 + (9 - 1 - 4).
3
What is the value of (-2 - -12) + -5 + -8 - 1?
-4
Evaluate (6 - 3 - 4) + -11 + 8.
-4
Evaluate 14 + -6 - (1 + -2).
9
What is -5 + 2 - (-2 + -4) - 10?
-7
-3 - (1 + -8 + 2)
2
Calculate -15 - (19 + -21) - (-4 + -1).
-8
What is -1 + 6 + 1 - (154 + -154)?
6
What is the value of 8 + 3 + -7 + 1?
5
What is the value of -3 + 1 + 7 + (0 - 10)?
-5
(3 - (1 - 1)) + 2 + -9
-4
Calculate 2 + 5 - (2 + -3) - 3.
5
What is -6 - (-16 + (-6 - -11))?
5
What is 2 - (-2 - -2 - (-7 - -5))?
0
What is the value of 12 + (-15 - -6 - 2)?
1
-5 + 8 + 1 + -8
-4
What is the value of 2 + -11 + 4 - -11?
6
Calculate 8 - (-4 + 1 + 7) - 12.
-8
What is the value of -2 + 6 + -7 - 2?
-5
Evaluate 35 + -39 - (0 + -2).
-2
Calculate 1 + -9 + 4 + 2.
-2
What is -1 - 2 - 13 - -8?
-8
What is the value of 3 + -9 + 3 + -3?
-6
9 + (-2 - 5) - 2
0
What is 9 + -6 + (6 - 4)?
5
-1 + (-8 - -12) + 2
5
Calculate -6 + -1 + 3 + (-20 - -20).
-4
What is the value of -4 - ((-8 - -5 - 3) + -2)?
4
Evaluate -1 + 2 - -2 - 3.
0
What is -5 + (3 - 8 - -1) + 14?
5
Calculate 4 - -3 - -3 - (18 + -14).
6
1 + (-3 - -1) - -3
2
What is 1 + (6 - 16) + 3?
-6
Evaluate -4 - (-4 + -4 - -6).
-2
What is (-20 - -13) + -3 + 3?
-7
Calculate (1 - 1 - (-5 - -1)) + 3.
7
Evaluate (2 - 2) + 1 + (-5 - 1).
-5
(-6 - -5 - -1 - 5) + -1
-6
Evaluate (47 - 40) + (-11 - -2).
-2
What is (-4 - (-6 + 6)) + 5 - 4?
-3
Calculate -2 + 1 + -6 + 16.
9
Calculate -1 + -3 - (5 + -6).
-3
What is the value of -1 - -4 - ((6 - -1) + -3)?
-1
What is the value of -6 + 3 + 0 + -1?
-4
Evaluate 3 - 0 - (2 - (-4 - 3)).
-6
-7 - 4 - ((-5 - -2) + -1)
-7
Calculate -4 - (-3 + (-4 - -3) + -4).
4
What is 0 - (5 - 2) - (1 + -6)?
2
What is -2 + 2 + (-7 - -8)?
1
Calculate 0 - 6 - -9 - 1 - 0.
2
11 + 4 + -5 - 10
0
Evaluate -9 - (-5 + -5 + 4) - -2.
-1
-2 - -5 - 4 - -2
1
Evaluate 4 + (-4 - 8) - (-30 + 13).
9
-2 + 4 + (-3 - -3)
2
Calculate -1 - (-6 - ((0 - 7) + -6)).
-8
Evaluate -10 - (-7 + 1) - (-4 - 2).
2
What is the value of (-5 - (6 + 